{"id":65,"date":"2022-12-30T16:16:49","date_gmt":"2022-12-30T15:16:49","guid":{"rendered":"https:\/\/3nach3.ch\/?page_id=65"},"modified":"2023-01-15T15:06:11","modified_gmt":"2023-01-15T14:06:11","slug":"drue-weekend-2005","status":"publish","type":"page","link":"https:\/\/3nach3.ch\/?page_id=65","title":{"rendered":"DR\u00dc Weekend 2005"},"content":{"rendered":"\n<p class=\"has-black-color has-cyan-bluish-gray-background-color has-text-color has-background\"><strong>26.-28. August 2005 in Singen (D)<\/strong><\/p>\n\n\n\n<p class=\"has-black-color has-cyan-bluish-gray-background-color has-text-color has-background\">Am Freitagnachmittag um 13 Uhr 45 war es wieder einmal soweit. Eines der Highlights des Jahres f\u00fcr unsere Mannschaft war Realit\u00e4t geworden!<\/p>\n\n\n\n<p class=\"has-black-color has-cyan-bluish-gray-background-color has-text-color has-background\"><strong>DR\u00dc-WEEKEND TIME!<\/strong>Ruedi Badertscher hatte wieder ganz besondere Events organisiert! Wir stiegen in den Zug in Richtung Z\u00fcrich, doch unser Reiseziel wussten wir bis dahin noch immer nicht. Im Zug packten unsere Zocker sofort das runde, gr\u00fcne Spielger\u00e4t mit W\u00fcrfeln aus, das fr\u00fcher schon f\u00fcr viel Verzweiflung sorgte, g\u00e4u Lugi! Wir n\u00e4herten uns immer mehr der deutschen Grenze und passierten diese schliesslich in Richtung Singen. In Singen angekommen bezogen wir unsere Hotelzimmer in Bahnhofn\u00e4he. Danach gings ab auf die Gartenterrasse zum wohlverdienten 1. Bier nach dieser langen Reise! Dort blieben wir sitzen bis nach dem Dessert! Es war ein lauer Sp\u00e4tsommerabend, so richtig zum geniessen. Also machten wir uns auf, um Singen etwas unsicher zu machen. Doch wir fanden nichts spezielles in Sachen Bars und so hockten wir uns irgendwo in der Fussg\u00e4ngezone auf die Terrasse eines Restaurants. Dort wurden wir von einer Polterabend-Frauengruppe aufgemischt, die uns irgendwelche unn\u00fctzen Dinge andrehen wollten. Nach dem Abstecher in eine Bar am Bahnhof l\u00f6ste sich unsere Gruppe in Richtung Hotel auf. Schliesslich wurde uns angedroht der n\u00e4chste Tag werde ein bisschen anstrengender, ganz im Sinne des Weekend-Mottos &#8222;easy, leicht sportlich, sportlich, Event&#8220;.<\/p>\n\n\n\n<p class=\"has-black-color has-cyan-bluish-gray-background-color has-text-color has-background\">Am n\u00e4chsten Morgen waren alle p\u00fcnktlich bereit zum 1. Event des Weekends. Daf\u00fcr bestiegen wir den Bus und fuhren zur\u00fcck in Richtung Schweiz, genauer gesagt nach Stein am Rhein. Dort marschierten wir ein St\u00fcck den Fluss aufw\u00e4rts und wurden von einem Herrn mit ganz vielen Kanus begr\u00fcsst. Da wurden gleich Erinnerungen wach ans Drachenbootrennen (siehe unter Galerien!) im Jahre 2002! Nach kurzem Theorieblock wagten wir uns jeweils zu zweit in so ein Kanu. Und das sah doch eigentlich bei allen ganz gut aus. Also machten wir uns nach ein paar \u00dcbungsrunden auf flussabw\u00e4rts in Richtung Diessenhofen. Das Wetter war perfekt f\u00fcr diese Flussfahrt und so kamen wir ziemlich ins Schwitzen. Nach ca. 3 Stunden hatten wir unser Ziel erreicht und wir waren noch komplett, auch in Sachen Kanus und Paddel. Jetzt war es Zeit, den Hunger zu stillen und dies taten wir direkt am Ufer des Rheins und sahen einigen \u00e4lteren Semestern bewundernd zu wie sie den Fluss aufw\u00e4rts kamen in Pontonierbooten. Sie steuerten seelenruhig quer \u00fcber den Fluss um danach ihre Boote zu f\u00fcllen mit einem Frauenturnverein. Was f\u00fcr ein Tumult!<\/p>\n\n\n\n<p class=\"has-black-color has-cyan-bluish-gray-background-color has-text-color has-background\">Nach dem &#8222;Lunch&#8220; gings dann weiter ganz im Sinne von: &#8222;das Wandern ist des M\u00fcller&#8217;s Lust&#8220; ;-). Wir nahmen den Weg nach Schaffhausen zu Fuss in Angriff. Das war nun der sportliche Teil des Weekends. Und tats\u00e4chlich hatte es der Weg in sich. Einige haute es aus den Schuhen als wir auch am Rhein die Auswirkungen des Hochwassers zu sp\u00fcren bekamen. Doch der Spass fing erst an als wir nach dem Intermezzo ohne Schuhe oder mit nassen Schuhen dabei zusahen, wie Sigi beim Schuhe anziehen gegen die T\u00fccken der Wellen eines Kursschiffes k\u00e4mpfen musste. Das Ganze endete mit einem nassen Hosenboden f\u00fcr Sigi und einigen Lachmuskelattacken unsererseits! Sorry Sigi! In Schaffhausen stiegen wir dann wieder in den Zug nach Singen. Dort gabs etwas Regenerationszeit nach dem intensiven aber tollen Tag am Wasser. Das Lokal f\u00fcr das Nachtessen hatte R\u00fcedu vorher bereits rekognosziert und wieder mal einen Volltreffer gelandet! Wir schlemmten wie K\u00f6nige, es war schlicht grandios! Mit vollem Bauch verliessen wir das Lokal und schlenderten durch die Fussg\u00e4ngerzone. Irgendwo setzten wir uns in eine Gartenbeiz und bestellten unsere Drinks. Und dann passierte es; die Meute wurde \u00fcberm\u00fctig und begann mit Eis um sich zu werfen. Dies w\u00e4r ja noch gegangen wenn dadurch nicht ein unbescholtener B\u00fcrger hinter uns in Mitleidenschaft gezogen worden w\u00e4re. In seinem Anzug fand er es nicht sonderlich am\u00fcsant, was n\u00fcchtern betrachtet einleuchtet. Doch damals fanden wir das ziemlich witzig! Naja das ist halt auch das DR\u00dc, immer f\u00fcr irgendeinen Seich zu haben!<\/p>\n\n\n\n<p class=\"has-black-color has-cyan-bluish-gray-background-color has-text-color has-background\">Am Sonntag hatten wir mit Housi ein Geburtstagskind zu feiern. Wir fuhren mit zwei kleinen Bussen in einen Erlebnispark namens &#8222;Lochm\u00fchle&#8220;. Das ist ein ehemaliger Bauernhof, der zum einem Freizeitpark ausgebaut worden war. Unser F\u00fchrer Bruno war eine richtige Spasskanone. Wir starteten unser Programm mit einem Quad-Bike Rundkurs. Mit den gedrosselten Bikes konnten nicht einmal wir irgendwas Dummes anstellen (Erinnerung an Lyss 2003!!!)! Danach begann die grosse Bauernhof-Olympiade mit verschiedenen Disziplinen wie Melken, Hau den Lukas, Wildschwein- und Armbrustschiessen, Bullriding, N\u00e4gel einh\u00e4mmern, etc. Nach all diesen Disziplinen stand Pascal Beeri als Gewinner fest. Herzliche Gratulation! Danach gabs wieder ein f\u00fcrstliches Mahl und wenn wir gewusst h\u00e4tten was uns danach erwarten w\u00fcrde, h\u00e4tte vielleicht manch einer etwas weniger zugeschlagen beim Essen. Nun gings n\u00e4mlich in luftige H\u00f6hen in einem Steinbruch. Jeder fasste eine Kletterausr\u00fcstung mit allem Drum und Dran. Und immer wieder waren Schreie zu h\u00f6ren und irgendwelche andere Besucher rasten ca. 50m \u00fcber unseren K\u00f6pfen aus dem Steinbruch heraus \u00fcbers ganze Gel\u00e4nde hinweg angeh\u00e4ngt an Rollen an einem Stahlseil. Nun wurde es doch etws mulmig in mehreren B\u00e4uchen. Zuerst gings dann \u00fcber eine Seilbr\u00fccke und Keule konnte seine Euphorie \u00fcber den FC Thun nicht zur\u00fcckhalten und begann auf dem Seil zu h\u00fcpfen und zu schreien: &#8222;W\u00e4r nid gumpet isch ke Thuner hoi, hoi!&#8220; Ganz zum Missfallen der Kollegen, die vor und hinter ihm noch auf dem Seil standen! Wie auch immer es sind alle heil dr\u00fcben angekommen und nun wartete die erste von vier Seilbahnen auf uns, die kreuz und quer durch den Steinbruch gespannt waren. Bei der 1. Bahn kostete es doch einigen Mut sich in die Tiefe fallen zu lassen, doch danach hatte uns die Sucht nach mehr H\u00f6he, L\u00e4nge und Geschwindigkeit gepackt. Dies ergab dann zum Teil am\u00fcsante Bilder f\u00fcr die Galerie! Beim anschliessenden Gruppenfoto konnten jedenfalls noch alle lachen. Einige hatten jedoch einen verdreckten Hinterteil, weil die Seilspannung f\u00fcr einige von uns zu niedrig war und\/oder wir die richtige Bremstechnik nicht im Griff hatten!<\/p>\n\n\n\n<p class=\"has-black-color has-cyan-bluish-gray-background-color has-text-color has-background\">Danach gings zur\u00fcck nach Singen wo wir uns Gep\u00e4ck packten und den Zug in Richtung Schweiz bestiegen. Auf der R\u00fcckreise fielen dann mehreren die Augen zu. Doch es gab immer noch Unverw\u00fcstliche, die versuchen wollten Housi einige Fr\u00e4nkli zu stibizen. Also begannen sie wieder zu w\u00fcrfeln was das Zeug hielt. Sogar R\u00fcedu liess sich zu einer Runde \u00fcberreden. In Thun angekommen verstreuten wir uns in alle Himmelsrichtungen und trauerten noch dem Weekend nach mit all seinen sch\u00f6nen Erlebnissen!<\/p>\n\n\n\n<p class=\"has-black-color has-cyan-bluish-gray-background-color has-text-color has-background\">Zum Schluss noch dies:<\/p>\n\n\n\n<p class=\"has-black-color has-cyan-bluish-gray-background-color has-text-color has-background\">Merci R\u00fcedu, \u00e4s isch wie immer geniau u n\u00f6i gsi!<\/p>\n\n\n\n<p class=\"has-black-background-color has-background has-medium-font-size\"><a href=\"https:\/\/photos.app.goo.gl\/1j5TpA1XnRenQD15A\" target=\"_blank\" rel=\"noreferrer noopener\">FOTOS<\/a><\/p>\n","protected":false},"excerpt":{"rendered":"<p>26.-28. August 2005 in Singen (D) Am Freitagnachmittag um 13 Uhr 45 war es wieder einmal soweit. Eines der Highlights des Jahres f\u00fcr unsere Mannschaft war Realit\u00e4t geworden! DR\u00dc-WEEKEND TIME!Ruedi Badertscher hatte wieder ganz besondere Events organisiert! Wir stiegen in den Zug in Richtung Z\u00fcrich, doch unser Reiseziel wussten wir bis dahin noch immer nicht. [&hellip;]<\/p>\n","protected":false},"author":1,"featured_media":0,"parent":0,"menu_order":0,"comment_status":"closed","ping_status":"closed","template":"","meta":{"_regular_price":[],"currency_symbol":[],"footnotes":""},"class_list":["post-65","page","type-page","status-publish","hentry"],"post_slider_layout_featured_media_urls":{"thumbnail":"","post_slider_layout_landscape_large":"","post_slider_layout_portrait_large":"","post_slider_layout_square_large":"","post_slider_layout_landscape":"","post_slider_layout_portrait":"","post_slider_layout_square":"","full":""},"_links":{"self":[{"href":"https:\/\/3nach3.ch\/index.php?rest_route=\/wp\/v2\/pages\/65","targetHints":{"allow":["GET"]}}],"collection":[{"href":"https:\/\/3nach3.ch\/index.php?rest_route=\/wp\/v2\/pages"}],"about":[{"href":"https:\/\/3nach3.ch\/index.php?rest_route=\/wp\/v2\/types\/page"}],"author":[{"embeddable":true,"href":"https:\/\/3nach3.ch\/index.php?rest_route=\/wp\/v2\/users\/1"}],"replies":[{"embeddable":true,"href":"https:\/\/3nach3.ch\/index.php?rest_route=%2Fwp%2Fv2%2Fcomments&post=65"}],"version-history":[{"count":13,"href":"https:\/\/3nach3.ch\/index.php?rest_route=\/wp\/v2\/pages\/65\/revisions"}],"predecessor-version":[{"id":189,"href":"https:\/\/3nach3.ch\/index.php?rest_route=\/wp\/v2\/pages\/65\/revisions\/189"}],"wp:attachment":[{"href":"https:\/\/3nach3.ch\/index.php?rest_route=%2Fwp%2Fv2%2Fmedia&parent=65"}],"curies":[{"name":"wp","href":"https:\/\/api.w.org\/{rel}","templated":true}]}}