{"id":276,"date":"2024-11-05T11:09:50","date_gmt":"2024-11-05T10:09:50","guid":{"rendered":"https:\/\/3nach3.ch\/?page_id=276"},"modified":"2024-11-05T11:09:51","modified_gmt":"2024-11-05T10:09:51","slug":"3nach3-weekend-2024","status":"publish","type":"page","link":"https:\/\/3nach3.ch\/?page_id=276","title":{"rendered":"3nach3 Weekend 2024"},"content":{"rendered":"\n<p><\/p>\n\n\n\n<p class=\"has-black-color has-cyan-bluish-gray-background-color has-text-color has-background has-link-color wp-elements-467a175882c256d52ad815769e9e9a8d\">Das zweite Wochenende unserer Ehemaligen-Truppe wurde verdankenswerterweise von Piwi organisiert.&nbsp;<\/p>\n\n\n\n<p class=\"has-black-color has-cyan-bluish-gray-background-color has-text-color has-background has-link-color wp-elements-c6266448ac61e65e12e72c227642551c\">Wir traffen uns einem Samstag Morgen im September bei k\u00fchlen Temperaturen am Bahnhof beim Expressbuffet (oder was auch immer).<\/p>\n\n\n\n<p class=\"has-black-color has-cyan-bluish-gray-background-color has-text-color has-background has-link-color wp-elements-057f9e931b6eccd678d3fce8b7dd75de\">Mit dabei war das allererste Mal als Nicht-Organisator R\u00fcedu. Es war sch\u00f6n auch die anderen alten, bekannten (Betonung auf bekannte) Gesichter wiederzusehen. In letzter Zeit sehen wir uns ja nicht mehr so oft wie fr\u00fcher. Die Freude war umso gr\u00f6sser. Leider schaffte es der Bus-&#8222;Sponsor&#8220; selber nicht (hallo RvA!), aber immerhin durften wir den Bus trotzdem benutzen so ging es nach den obligaten zwei viel zu fr\u00fchen Zigaretten los.<\/p>\n\n\n\n<p class=\"has-black-color has-cyan-bluish-gray-background-color has-text-color has-background has-link-color wp-elements-f037e8a632d0568f193142ac4475044e\">Weil unsere Organisator und Fahrer viel zu schnell unterwegs war machte er freundlicherweise eine Pinkel- und Rauchpause auf dem Br\u00fcnig damit es uns m\u00f6glichst kalt wurde. Die blauen Zehen konnte Kusi wegen der Flipflops nicht verheimlichen&#8230; Nach diesem v\u00f6llig unn\u00f6tigen Zeitspiel war es nicht mehr weit bis zum Br\u00fcnig indoor.<\/p>\n\n\n\n<p class=\"has-black-color has-cyan-bluish-gray-background-color has-text-color has-background has-link-color wp-elements-3dd318c3c4c817d5e338d53001cb093a\">Dort erwartete uns eine riesige wirklich sehr imposante Riesenanlage am Eingang mit den Worten &#8222;Willkumm zionis&#8220; (ich weiss leider nicht mehr, ob wir \u00fcberhaupt herausgefunden haben, was das wirklich heissen soll &#8211; egal). Wie wir erfuhren, wird die in die Anlage nicht nur als riesige Indoor-Schiessanlage genutzt, sondern auch als Feuerwehr-\u00dcbungsst\u00e4tte und als Sprengstoffdepot. Entgegen unseren Spekulationen handelt es sich bei der Anlage offensichtlich nicht um einen ehemaligen Milit\u00e4rbunker. Nein, die Anlage wurde tats\u00e4chlich aus privater Initiative gebaut. Unsere Tiefbau- und Bau-Profis bestanden zudem das grosse Firmengel\u00e4nde der Gasser Felstechnik-Firma.<\/p>\n\n\n\n<p class=\"has-black-color has-cyan-bluish-gray-background-color has-text-color has-background has-link-color wp-elements-8cc37ee27054b6214681c6d0da7682ab\">Nun ging es darum, uns in drei verschiedenen und recht traditionellen Schiess-Disziplinen zu messen.<\/p>\n\n\n\n<p class=\"has-black-color has-cyan-bluish-gray-background-color has-text-color has-background has-link-color wp-elements-c91ae7f9afdf7fe799f133212f6f08b3\">Im Bogenschiessen war es nat\u00fcrlich unser Anspruch, mindestens ein (eigener) Pfeil zu spalten. Und weil Wirklichkeit und Anspruch nicht immer deckungsgleich sind, versuchten wir es halt manchmal auch mit (unfreiwilligen) Weitsch\u00fcssen \u00fcber die Scheibenanlage hinweg. Es fanden sich aber auch einige Naturtalente unter uns.<\/p>\n\n\n\n<p class=\"has-black-color has-cyan-bluish-gray-background-color has-text-color has-background has-link-color wp-elements-8f4f5a3f489561645332b46bc4ec7b63\">Beim Armbrustschiessen benutzte Hausi illegale Auflagen um seine K\u00f6rpergr\u00f6sse mit dem Auflagentisch kompatibel zu machen. Das entsprechende Disziplinarverfahren ist aktuell noch offen und deshalb kann ich mich hier leider nicht weiter dazu \u00e4ussern.<\/p>\n\n\n\n<p class=\"has-black-color has-cyan-bluish-gray-background-color has-text-color has-background has-link-color wp-elements-d849aec4026af28d80602dffebc388de\">Zum kr\u00f6nenden Abschluss das Blasrohr: Hier galt es sprichw\u00f6rtlich der n\u00f6tigen &#8222;Pfupf&#8220; hinzukriegen. Mindestens einem von uns gelang es doch tats\u00e4chlich mehrere Pfeile ineinander bzw. \u00fcbereinander zu platzieren und das dann auch noch ziemlich mittig auf der Scheibe &#8211; Gratulation!&nbsp;<\/p>\n\n\n\n<p class=\"has-black-color has-cyan-bluish-gray-background-color has-text-color has-background has-link-color wp-elements-9736ff5895a8a156c7286be2645338eb\">Nach feierlicher Rangverk\u00fcndigung schauten sich ein paar von uns noch die \u00fcbrigen Schiessanlagen an. Besonders in Erinnerung bleiben wird uns ein leicht verwirrt wirkender J\u00e4ger. Jedenfalls revidierten einige von uns s\u00e4mtliche Wander-Pl\u00e4ne in Jadggebieten.<\/p>\n\n\n\n<p class=\"has-black-color has-cyan-bluish-gray-background-color has-text-color has-background has-link-color wp-elements-6bcf8fdfca3b37e36fef5ce9525e4a57\">Zum Gl\u00fcck gibt es aber auch J\u00e4ger, die etwas treffen und so genossen wir im Anschluss in der Anlage einen wunderbaren Wildteller.<\/p>\n\n\n\n<p class=\"has-black-color has-cyan-bluish-gray-background-color has-text-color has-background has-link-color wp-elements-1778acecc012b223b43adaeacf899d5c\">Nach dem sehr k\u00fchlen Start hatte sich der Tag mittlerweile zu einem wunderbaren warmen Sp\u00e4tsommertag gemausert. So war es denn auch sehr passend, dass unsere n\u00e4chste Station in Sempach am Sempachersee lag. Zu diesem Zeitpunkt wussten wir aber noch nicht, dass wir die meiste Zeit des Nachmittags nicht&nbsp;im&nbsp;Wasser sondern&nbsp;aufdem Wasser verbringen werden. Weil Piwi es verpasst hat, Motorboote oder Jetskis zu organisieren, wurden wir in die Kunst des Ruderns eingef\u00fchrt.<\/p>\n\n\n\n<p class=\"has-black-color has-cyan-bluish-gray-background-color has-text-color has-background has-link-color wp-elements-737fb1737dde9b0608aa01f41dbba774\">Gleichzeitig wurden wir auf das bevorstehende Hochzeits-Ap\u00e8ro hingewiesen. Aber auch hier spielte uns das Schicksal einen Streich: Wir wurden n\u00e4mlich ausdr\u00fccklich aufgefordert, dem Apero grossr\u00e4umig aus dem Weg zu gehen. Das machte die bevorstehenden Anstrengungen nat\u00fcrlich nicht einfacher.<\/p>\n\n\n\n<p class=\"has-black-color has-cyan-bluish-gray-background-color has-text-color has-background has-link-color wp-elements-acb512df49ef82920ac5c21d0b2f75bf\">Nach Einf\u00fchrung in die Ruder-Theorie und Trocken\u00fcbungen in einem Fitnessraum ging es darum, unseren Achter und den Dreier einzuwassern. Dies d\u00fcrfte als separate Disziplin ebenfalls bald olympisch werden. Das Rudern im gleichm\u00e4ssigen Takt erwies sich \u00fcbrigens als eine ausgesprochene Hochkonzentrations-\u00dcbung. Und falls man tats\u00e4chlich einmal mehrere Schl\u00e4ge technisch einwandfrei und im Gleichtakt mit den Anderen hingekriegt hat, liess einen die Freude daran sofort aus dem Takt fallen. Es war aber eine super Erfahrung! Wirklich \u00e4usserst eindrucksvoll,&nbsp; dieses Rudern. Ebenso die Geschichten \u00fcber die Ausfl\u00fcge der das Ruderclubs, welche anscheinend bis auf den Douro in Portugal f\u00fchrten (f\u00fcr mich weiterhin eher ein Weinanbaugebiet). Wir ruderten jedenfalls nicht bis zu &#8222;Ursi&#8220; am See-Ende. Zu unserem Gl\u00fcck kehrten wir ungef\u00e4hr in der H\u00e4lfte bereits wieder um . Grund: unsere Rudercoaches hatten keine Energie mehr (oder vielleicht war es doch etwas anderes). Jedenfalls ist es v\u00f6llig okay, dass die n\u00e4chsten Olympischen Sommerspiele erst in vier Jahren stattfinden<\/p>\n\n\n\n<p class=\"has-black-color has-cyan-bluish-gray-background-color has-text-color has-background has-link-color wp-elements-d13182265ba1d88bd480f6a16b78ba44\">Danach gab es f\u00fcr die die wollten noch eine erfrischende Abk\u00fchlung im Sempachersee. Piwi fuhr uns mit dem hochmodernen Bus ins hochmoderne Willisau und dort ins hochmoderne B&amp;B Hotel &#8222;Peter &amp; Paul&#8220; mit Vierer- und Sechser-Schl\u00e4gen. F\u00fcr einige nicht ganz so hochmodern veranlagte Jungs von uns einigermassen einen Schock. Die paar Minuspunkte kann Piwi aber locker verkraften. Er hat sie n\u00e4mlich mit diversen anderen Pluspunkten mehr als locker wett gemacht. Auf jeden Fall galt es, die Zimmer zu beziehen und endlich (ja endlich-endlich) ein k\u00fchles Bier zu geniessen.<\/p>\n\n\n\n<p class=\"has-black-color has-cyan-bluish-gray-background-color has-text-color has-background has-link-color wp-elements-f8e96bc6334a21563afa879590ca9f0c\">Dieser kurze Moment unserer Unaufmerksamkeit und des vollen Genusses mit der Sonne im Gesicht und einem &nbsp;Bier in der Hand hat unser Pr\u00e4sident Keule gnadenlos ausgenutzt, um die n\u00e4chsten zwei OK-Pr\u00e4sidenten f\u00fcr diesen Anlass zu erk\u00fcren (cleverer Bursche, Keule!).<\/p>\n\n\n\n<p class=\"has-black-color has-cyan-bluish-gray-background-color has-text-color has-background has-link-color wp-elements-6bde4467fe40ddb02248d080c8d46d08\">Bei einem wirklich ausgezeichneten Essen in einem \u00f6rtlichen Restaurant bei einem nicht \u00f6rtlichen Walliser Gastgeber genossen wir den Abend bei einem Fondue Chinoise &#8211; Pr\u00e4dikat: Spitzenklasse. Nicht fehlen durften die sehr, sehr traditionellen (und ebenso wichtigen!) Ramazzotti, die dummen, die klugen, die philosophischen und die fr\u00f6hlichen Gespr\u00e4che. Das erinnerte den Schreibenden an etwas was ihm schon ziemlich gefehlt hat. Wirklich wunderbar Giel\u00e4 &#8211; merci viumau! <\/p>\n\n\n\n<p class=\"has-black-color has-cyan-bluish-gray-background-color has-text-color has-background has-link-color wp-elements-629dc7b0323c2edd02b0c437a4bc9f19\">W\u00e4hrend die Meisten direkt zum Schlummertrunk beim Hotel zur\u00fcckkehrten, wagten wenige noch einen Abstecher ins St\u00e4dtchen. Dort war n\u00e4mlich eine Riesen-Party am ausklingen.<\/p>\n\n\n\n<p class=\"has-black-color has-cyan-bluish-gray-background-color has-text-color has-background has-link-color wp-elements-54c9fd696dc085f10646bf05ba3db83c\">Am n\u00e4chsten Tag fuhren wir an ein paar Faustball-Hochburgen vorbei nach Tschugg. Bei etwas bedrohlicher Wetterkulisse ging es dort zum Swin-Golf. Und nein: es hat nichts mit nackten Menschen zu tun. Jedenfalls hielt das Wetter wunderbar &#8211; die Nerven jedoch nicht bei allen. So flogen im beschaulichen Tschugg an einem sonst ruhigen Sonntag B\u00e4lle und Fluchw\u00f6rter gleichermassen kreuz und quer \u00fcber den Rasen. Unsere Truppe entschied sich deshalb nach der H\u00e4lfte f\u00fcr eine taktische Pause mit einem Bier. Das hat allerdings \u00fcberhaupt nichts gebracht. Also weiter im Gleichtakt. So trafen sich die erfolgreichen und auch die weniger erfolgreichen Golfer beim ber\u00fchmten Loch 19 (Beiz) und genossen zum Abschluss bei einem oder zwei Bierchen noch etwas Flammkuchen.<\/p>\n\n\n\n<p class=\"has-black-color has-cyan-bluish-gray-background-color has-text-color has-background has-link-color wp-elements-fab18557d62ac3dbe34685af20cb0966\">Merci hunderttuusig, Piwi, f\u00fcr das super Wochenende und die sehr gut gelungene Organisation! Es wirklich Spass gemacht!&nbsp;<\/p>\n\n\n\n<p class=\"has-black-color has-cyan-bluish-gray-background-color has-text-color has-background has-link-color wp-elements-b4c3c5c8ae500af29e9f76d27cc59f2f\">Nun hoffen wir nat\u00fcrlich auf die eine oder andere Gelegenheit f\u00fcr ein gemeinsames Happening, bevor das n\u00e4chste 3nach3-Weekend ansteht&#8230;.<\/p>\n\n\n\n<p class=\"has-black-color has-cyan-bluish-gray-background-color has-text-color has-background has-link-color wp-elements-ed5f470411975d13656c1555e519d0f9\">Lugi<\/p>\n\n\n\n<p><\/p>\n","protected":false},"excerpt":{"rendered":"<p>Das zweite Wochenende unserer Ehemaligen-Truppe wurde verdankenswerterweise von Piwi organisiert.&nbsp; Wir traffen uns einem Samstag Morgen im September bei k\u00fchlen Temperaturen am Bahnhof beim Expressbuffet (oder was auch immer). Mit dabei war das allererste Mal als Nicht-Organisator R\u00fcedu. Es war sch\u00f6n auch die anderen alten, bekannten (Betonung auf bekannte) Gesichter wiederzusehen. In letzter Zeit sehen [&hellip;]<\/p>\n","protected":false},"author":1,"featured_media":0,"parent":0,"menu_order":0,"comment_status":"closed","ping_status":"closed","template":"","meta":{"_regular_price":[],"currency_symbol":[],"footnotes":""},"class_list":["post-276","page","type-page","status-publish","hentry"],"post_slider_layout_featured_media_urls":{"thumbnail":"","post_slider_layout_landscape_large":"","post_slider_layout_portrait_large":"","post_slider_layout_square_large":"","post_slider_layout_landscape":"","post_slider_layout_portrait":"","post_slider_layout_square":"","full":""},"_links":{"self":[{"href":"https:\/\/3nach3.ch\/index.php?rest_route=\/wp\/v2\/pages\/276","targetHints":{"allow":["GET"]}}],"collection":[{"href":"https:\/\/3nach3.ch\/index.php?rest_route=\/wp\/v2\/pages"}],"about":[{"href":"https:\/\/3nach3.ch\/index.php?rest_route=\/wp\/v2\/types\/page"}],"author":[{"embeddable":true,"href":"https:\/\/3nach3.ch\/index.php?rest_route=\/wp\/v2\/users\/1"}],"replies":[{"embeddable":true,"href":"https:\/\/3nach3.ch\/index.php?rest_route=%2Fwp%2Fv2%2Fcomments&post=276"}],"version-history":[{"count":2,"href":"https:\/\/3nach3.ch\/index.php?rest_route=\/wp\/v2\/pages\/276\/revisions"}],"predecessor-version":[{"id":278,"href":"https:\/\/3nach3.ch\/index.php?rest_route=\/wp\/v2\/pages\/276\/revisions\/278"}],"wp:attachment":[{"href":"https:\/\/3nach3.ch\/index.php?rest_route=%2Fwp%2Fv2%2Fmedia&parent=276"}],"curies":[{"name":"wp","href":"https:\/\/api.w.org\/{rel}","templated":true}]}}

<p></p>



<p class="has-black-color has-cyan-bluish-gray-background-color has-text-color has-background has-link-color wp-elements-467a175882c256d52ad815769e9e9a8d">Das zweite Wochenende unserer Ehemaligen-Truppe wurde verdankenswerterweise von Piwi organisiert.&nbsp;</p>



<p class="has-black-color has-cyan-bluish-gray-background-color has-text-color has-background has-link-color wp-elements-c6266448ac61e65e12e72c227642551c">Wir traffen uns einem Samstag Morgen im September bei kühlen Temperaturen am Bahnhof beim Expressbuffet (oder was auch immer).</p>



<p class="has-black-color has-cyan-bluish-gray-background-color has-text-color has-background has-link-color wp-elements-057f9e931b6eccd678d3fce8b7dd75de">Mit dabei war das allererste Mal als Nicht-Organisator Rüedu. Es war schön auch die anderen alten, bekannten (Betonung auf bekannte) Gesichter wiederzusehen. In letzter Zeit sehen wir uns ja nicht mehr so oft wie früher. Die Freude war umso grösser. Leider schaffte es der Bus-&#8222;Sponsor&#8220; selber nicht (hallo RvA!), aber immerhin durften wir den Bus trotzdem benutzen so ging es nach den obligaten zwei viel zu frühen Zigaretten los.</p>



<p class="has-black-color has-cyan-bluish-gray-background-color has-text-color has-background has-link-color wp-elements-f037e8a632d0568f193142ac4475044e">Weil unsere Organisator und Fahrer viel zu schnell unterwegs war machte er freundlicherweise eine Pinkel- und Rauchpause auf dem Brünig damit es uns möglichst kalt wurde. Die blauen Zehen konnte Kusi wegen der Flipflops nicht verheimlichen&#8230; Nach diesem völlig unnötigen Zeitspiel war es nicht mehr weit bis zum Brünig indoor.</p>



<p class="has-black-color has-cyan-bluish-gray-background-color has-text-color has-background has-link-color wp-elements-3dd318c3c4c817d5e338d53001cb093a">Dort erwartete uns eine riesige wirklich sehr imposante Riesenanlage am Eingang mit den Worten &#8222;Willkumm zionis&#8220; (ich weiss leider nicht mehr, ob wir überhaupt herausgefunden haben, was das wirklich heissen soll &#8211; egal). Wie wir erfuhren, wird die in die Anlage nicht nur als riesige Indoor-Schiessanlage genutzt, sondern auch als Feuerwehr-Übungsstätte und als Sprengstoffdepot. Entgegen unseren Spekulationen handelt es sich bei der Anlage offensichtlich nicht um einen ehemaligen Militärbunker. Nein, die Anlage wurde tatsächlich aus privater Initiative gebaut. Unsere Tiefbau- und Bau-Profis bestanden zudem das grosse Firmengelände der Gasser Felstechnik-Firma.</p>



<p class="has-black-color has-cyan-bluish-gray-background-color has-text-color has-background has-link-color wp-elements-8cc37ee27054b6214681c6d0da7682ab">Nun ging es darum, uns in drei verschiedenen und recht traditionellen Schiess-Disziplinen zu messen.</p>



<p class="has-black-color has-cyan-bluish-gray-background-color has-text-color has-background has-link-color wp-elements-c91ae7f9afdf7fe799f133212f6f08b3">Im Bogenschiessen war es natürlich unser Anspruch, mindestens ein (eigener) Pfeil zu spalten. Und weil Wirklichkeit und Anspruch nicht immer deckungsgleich sind, versuchten wir es halt manchmal auch mit (unfreiwilligen) Weitschüssen über die Scheibenanlage hinweg. Es fanden sich aber auch einige Naturtalente unter uns.</p>



<p class="has-black-color has-cyan-bluish-gray-background-color has-text-color has-background has-link-color wp-elements-8f4f5a3f489561645332b46bc4ec7b63">Beim Armbrustschiessen benutzte Hausi illegale Auflagen um seine Körpergrösse mit dem Auflagentisch kompatibel zu machen. Das entsprechende Disziplinarverfahren ist aktuell noch offen und deshalb kann ich mich hier leider nicht weiter dazu äussern.</p>



<p class="has-black-color has-cyan-bluish-gray-background-color has-text-color has-background has-link-color wp-elements-d849aec4026af28d80602dffebc388de">Zum krönenden Abschluss das Blasrohr: Hier galt es sprichwörtlich der nötigen &#8222;Pfupf&#8220; hinzukriegen. Mindestens einem von uns gelang es doch tatsächlich mehrere Pfeile ineinander bzw. übereinander zu platzieren und das dann auch noch ziemlich mittig auf der Scheibe &#8211; Gratulation!&nbsp;</p>



<p class="has-black-color has-cyan-bluish-gray-background-color has-text-color has-background has-link-color wp-elements-9736ff5895a8a156c7286be2645338eb">Nach feierlicher Rangverkündigung schauten sich ein paar von uns noch die übrigen Schiessanlagen an. Besonders in Erinnerung bleiben wird uns ein leicht verwirrt wirkender Jäger. Jedenfalls revidierten einige von uns sämtliche Wander-Pläne in Jadggebieten.</p>



<p class="has-black-color has-cyan-bluish-gray-background-color has-text-color has-background has-link-color wp-elements-6bcf8fdfca3b37e36fef5ce9525e4a57">Zum Glück gibt es aber auch Jäger, die etwas treffen und so genossen wir im Anschluss in der Anlage einen wunderbaren Wildteller.</p>



<p class="has-black-color has-cyan-bluish-gray-background-color has-text-color has-background has-link-color wp-elements-1778acecc012b223b43adaeacf899d5c">Nach dem sehr kühlen Start hatte sich der Tag mittlerweile zu einem wunderbaren warmen Spätsommertag gemausert. So war es denn auch sehr passend, dass unsere nächste Station in Sempach am Sempachersee lag. Zu diesem Zeitpunkt wussten wir aber noch nicht, dass wir die meiste Zeit des Nachmittags nicht&nbsp;im&nbsp;Wasser sondern&nbsp;aufdem Wasser verbringen werden. Weil Piwi es verpasst hat, Motorboote oder Jetskis zu organisieren, wurden wir in die Kunst des Ruderns eingeführt.</p>



<p class="has-black-color has-cyan-bluish-gray-background-color has-text-color has-background has-link-color wp-elements-737fb1737dde9b0608aa01f41dbba774">Gleichzeitig wurden wir auf das bevorstehende Hochzeits-Apèro hingewiesen. Aber auch hier spielte uns das Schicksal einen Streich: Wir wurden nämlich ausdrücklich aufgefordert, dem Apero grossräumig aus dem Weg zu gehen. Das machte die bevorstehenden Anstrengungen natürlich nicht einfacher.</p>



<p class="has-black-color has-cyan-bluish-gray-background-color has-text-color has-background has-link-color wp-elements-acb512df49ef82920ac5c21d0b2f75bf">Nach Einführung in die Ruder-Theorie und Trockenübungen in einem Fitnessraum ging es darum, unseren Achter und den Dreier einzuwassern. Dies dürfte als separate Disziplin ebenfalls bald olympisch werden. Das Rudern im gleichmässigen Takt erwies sich übrigens als eine ausgesprochene Hochkonzentrations-Übung. Und falls man tatsächlich einmal mehrere Schläge technisch einwandfrei und im Gleichtakt mit den Anderen hingekriegt hat, liess einen die Freude daran sofort aus dem Takt fallen. Es war aber eine super Erfahrung! Wirklich äusserst eindrucksvoll,&nbsp; dieses Rudern. Ebenso die Geschichten über die Ausflüge der das Ruderclubs, welche anscheinend bis auf den Douro in Portugal führten (für mich weiterhin eher ein Weinanbaugebiet). Wir ruderten jedenfalls nicht bis zu &#8222;Ursi&#8220; am See-Ende. Zu unserem Glück kehrten wir ungefähr in der Hälfte bereits wieder um . Grund: unsere Rudercoaches hatten keine Energie mehr (oder vielleicht war es doch etwas anderes). Jedenfalls ist es völlig okay, dass die nächsten Olympischen Sommerspiele erst in vier Jahren stattfinden</p>



<p class="has-black-color has-cyan-bluish-gray-background-color has-text-color has-background has-link-color wp-elements-d13182265ba1d88bd480f6a16b78ba44">Danach gab es für die die wollten noch eine erfrischende Abkühlung im Sempachersee. Piwi fuhr uns mit dem hochmodernen Bus ins hochmoderne Willisau und dort ins hochmoderne B&amp;B Hotel &#8222;Peter &amp; Paul&#8220; mit Vierer- und Sechser-Schlägen. Für einige nicht ganz so hochmodern veranlagte Jungs von uns einigermassen einen Schock. Die paar Minuspunkte kann Piwi aber locker verkraften. Er hat sie nämlich mit diversen anderen Pluspunkten mehr als locker wett gemacht. Auf jeden Fall galt es, die Zimmer zu beziehen und endlich (ja endlich-endlich) ein kühles Bier zu geniessen.</p>



<p class="has-black-color has-cyan-bluish-gray-background-color has-text-color has-background has-link-color wp-elements-f8e96bc6334a21563afa879590ca9f0c">Dieser kurze Moment unserer Unaufmerksamkeit und des vollen Genusses mit der Sonne im Gesicht und einem &nbsp;Bier in der Hand hat unser Präsident Keule gnadenlos ausgenutzt, um die nächsten zwei OK-Präsidenten für diesen Anlass zu erküren (cleverer Bursche, Keule!).</p>



<p class="has-black-color has-cyan-bluish-gray-background-color has-text-color has-background has-link-color wp-elements-6bde4467fe40ddb02248d080c8d46d08">Bei einem wirklich ausgezeichneten Essen in einem örtlichen Restaurant bei einem nicht örtlichen Walliser Gastgeber genossen wir den Abend bei einem Fondue Chinoise &#8211; Prädikat: Spitzenklasse. Nicht fehlen durften die sehr, sehr traditionellen (und ebenso wichtigen!) Ramazzotti, die dummen, die klugen, die philosophischen und die fröhlichen Gespräche. Das erinnerte den Schreibenden an etwas was ihm schon ziemlich gefehlt hat. Wirklich wunderbar Gielä &#8211; merci viumau! </p>



<p class="has-black-color has-cyan-bluish-gray-background-color has-text-color has-background has-link-color wp-elements-629dc7b0323c2edd02b0c437a4bc9f19">Während die Meisten direkt zum Schlummertrunk beim Hotel zurückkehrten, wagten wenige noch einen Abstecher ins Städtchen. Dort war nämlich eine Riesen-Party am ausklingen.</p>



<p class="has-black-color has-cyan-bluish-gray-background-color has-text-color has-background has-link-color wp-elements-54c9fd696dc085f10646bf05ba3db83c">Am nächsten Tag fuhren wir an ein paar Faustball-Hochburgen vorbei nach Tschugg. Bei etwas bedrohlicher Wetterkulisse ging es dort zum Swin-Golf. Und nein: es hat nichts mit nackten Menschen zu tun. Jedenfalls hielt das Wetter wunderbar &#8211; die Nerven jedoch nicht bei allen. So flogen im beschaulichen Tschugg an einem sonst ruhigen Sonntag Bälle und Fluchwörter gleichermassen kreuz und quer über den Rasen. Unsere Truppe entschied sich deshalb nach der Hälfte für eine taktische Pause mit einem Bier. Das hat allerdings überhaupt nichts gebracht. Also weiter im Gleichtakt. So trafen sich die erfolgreichen und auch die weniger erfolgreichen Golfer beim berühmten Loch 19 (Beiz) und genossen zum Abschluss bei einem oder zwei Bierchen noch etwas Flammkuchen.</p>



<p class="has-black-color has-cyan-bluish-gray-background-color has-text-color has-background has-link-color wp-elements-fab18557d62ac3dbe34685af20cb0966">Merci hunderttuusig, Piwi, für das super Wochenende und die sehr gut gelungene Organisation! Es wirklich Spass gemacht!&nbsp;</p>



<p class="has-black-color has-cyan-bluish-gray-background-color has-text-color has-background has-link-color wp-elements-b4c3c5c8ae500af29e9f76d27cc59f2f">Nun hoffen wir natürlich auf die eine oder andere Gelegenheit für ein gemeinsames Happening, bevor das nächste 3nach3-Weekend ansteht&#8230;.</p>



<p class="has-black-color has-cyan-bluish-gray-background-color has-text-color has-background has-link-color wp-elements-ed5f470411975d13656c1555e519d0f9">Lugi</p>



<p></p>

<p>Das zweite Wochenende unserer Ehemaligen-Truppe wurde verdankenswerterweise von Piwi organisiert.&nbsp; Wir traffen uns einem Samstag Morgen im September bei kühlen Temperaturen am Bahnhof beim Expressbuffet (oder was auch immer). Mit dabei war das allererste Mal als Nicht-Organisator Rüedu. Es war schön auch die anderen alten, bekannten (Betonung auf bekannte) Gesichter wiederzusehen. In letzter Zeit sehen [&hellip;]</p>
